on factor of 16 and l.
16
Suppose r + 168 = 5*r. What is the greatest common factor of r and 63?
21
Let a = 35 + -8. Let u be (-3)/9 + (-110)/(-6). What is the highest common factor of a and u?
9
Let k be 0 - ((-3 - 31) + 2). Let w(j) = -2*j**3 - 2*j**2 - j - 2. Let o be w(-2). Calculate the highest common divisor of o and k.
8
Suppose 0 = p - 4*p + 2*k - 5, -3*k + 11 = -p. Let x be (-3)/(p + (-21)/12). What is the highest common factor of x and 6?
2
Let j be ((-18)/15)/(2/(-35)). Let b be j - (4 + -5 - 0). What is the highest common factor of 55 and b?
11
Let c be (1 + -1)/(-2 - 0). Suppose c = 2*s - 6 - 2. Suppose 44 = -s*d + 112. Calculate the highest common factor of 34 and d.
17
Suppose -1 = 3*z + 2. Let g be 10*-1*4*z. Let i be g/4 + 1 + 0. Calculate the greatest common divisor of i and 11.
11
Let y = 0 + 0. Suppose y = 4*f - f + 126. Let t be f/(-4) - (-1)/(-2). What is the highest common factor of 5 and t?
5
Suppose 2*n = 3*n + 321. Let l be n/(-4) - (-5)/(-20). Calculate the highest common divisor of 16 and l.
16
Let m(l) = -l**2 + 8*l - 3. Let a be m(5). Let q be (-1182)/(-9) + (-8)/(-12). What is the greatest common factor of a and q?
12
Let s be ((-68)/119 + (-82)/(-21))*3. What is the highest common factor of 15 and s?
5
Let x(r) = 4*r**2 - 5*r + 6. Let j be x(2). What is the greatest common divisor of j and 36?
12
Let q = -5 + 5. Let s(j) = j**2 + 30. Let u be s(q). What is the greatest common factor of 5 and u?
5
Suppose 3*r + 2*s = 374, r = -2*r + s + 380. Calculate the greatest common factor of 14 and r.
14
Let y be 3*((-128)/(-2) - 2). Suppose -u - 484 = -5*k + u, 0 = -2*k - 3*u + y. Let d = 9 - -3. Calculate the highest common factor of k and d.
12
Suppose -4*c = -0*x + 5*x - 15, 5*c - 55 = x. What is the highest common factor of c and 110?
10
Let i be -1*(-6)/(12/10) + 4. What is the greatest common divisor of i and 81?
9
Let v(b) = -b**2 - 3*b + 3. Let h be v(-4). Let n be (0/1)/(h*1). Suppose o + 3*o - 48 = n. What is the highest common divisor of 60 and o?
12
Let k = 47 - 15. What is the highest common divisor of k and 224?
32
Let v(t) be the second derivative of -3/2*t**2 + 5/6*t**3 - 2*t + 0 + 1/12*t**4. Let d be v(-6). What is the highest common divisor of d and 3?
3
Suppose -3*y - y + t + 40 = 0, 3*y - 30 = 3*t. Calculate the greatest common divisor of 130 and y.
10
Suppose 30 = 4*o - 58. Suppose -4*y - 44 = -8*y. What is the greatest common divisor of o and y?
11
Suppose 2*v - 5*v = -54. Let h be 0 - (1 + 1 - 7). Suppose 2*n + 0*n - f - 17 = 0, -2*f = -h*n + 40. Calculate the highest common factor of v and n.
6
Suppose 3*f - 151 - 113 = 0. Let i = 4 + 2. Suppose 3*p = i, -2*p + 6 = c - 9. What is the greatest common divisor of f and c?
11
Let q = -9 + 15. Suppose -q = -m - 2*y, 5*m - 4*m - 3*y - 16 = 0. Let x = -186 + 276. What is the highest common divisor of m and x?
10
Suppose -4*a = -3*x - 4, 2*x - 23 = -5*a + 5. Suppose a*v - 8*v = -32. Calculate the greatest common divisor of v and 8.
8
Suppose 2*p = -0*p + 8. Let z be p/5*30/12. Let a(m) = -m**3 + 4*m**2 - m + 5. Let t be a(4). Calculate the greatest common divisor of z and t.
1
Suppose -912 = -7*c + 4*c. What is the greatest common factor of 38 and c?
38
Suppose 4*a - 20 = -4*m + 12, -5*a + 36 = 4*m. Suppose -a*h = r - 7*h - 47, -105 = -2*r - 5*h. What is the highest common factor of 20 and r?
10
Let i(y) = -y**2 + 12*y - 3. Let r be i(9). What is the highest common divisor of 3 and r?
3
Let s(j) = -j**3 - j**2. Let d be s(-2). Suppose 149 = 3*g + d*y, -g - 4*y = -22 - 25. Calculate the greatest common divisor of 34 and g.
17
Suppose 99 = 5*t + 29. Let k = t + 1. Calculate the highest common factor of 6 and k.
3
Let t be 27/(-2)*20/(-5). Suppose -2*d - 13 + 3 = -m, 0 = -4*m + 4*d + 56. What is the greatest common factor of t and m?
18
Let i be 136/10 - 4/(-10). Let g(w) = -3*w + 1. Let r be g(3). Let a = r + i. Calculate the highest common factor of 66 and a.
6
Let z = 32 - 23. What is the highest common factor of 9 and z?
9
Suppose 6*n = 5*n - 2. Let x be -7*2/4*n. What is the greatest common factor of 21 and x?
7
Suppose 72 = -38*y + 41*y. Calculate the greatest common divisor of 192 and y.
24
Suppose -m - 4 - 4 = -4*l, l - 2 = -2*m. Let x be 9/(-2)*20/(-15). Let r = x - m. Calculate the greatest common factor of 48 and r.
6
Let f be 6/4 - (2/4 - 1). What is the highest common divisor of f and 10?
2
Suppose p + 0 - 31 = 0. Calculate the greatest common divisor of 31 and p.
31
Suppose -90 = -5*a + 95. Calculate the highest common factor of a and 37.
37
Let v = 41 - 15. Calculate the greatest common factor of 39 and v.
13
Let u be 836/14 + 4/14. Let m(b) be the first derivative of 4*b**3/3 - 7*b**2/2 + 4*b - 5. Let s be m(4). What is the greatest common divisor of u and s?
20
Suppose -5*b + b = 0. Suppose b = -0*g + 5*g - 75. What is the greatest common divisor of 6 and g?
3
Let r(p) = -p + 21. Let z be r(10). Suppose -6*s + 440 = -s. What is the highest common factor of s and z?
11
Let u(h) = -h + 2 + 2*h**2 - 3*h**2 + 7*h. Let s be u(5). Calculate the greatest common divisor of s and 28.
7
Let f(u) = u**3 - 15*u**2 + 14*u + 20. Let y be f(14). Suppose 2*r + 2 - y = 0. What is the greatest common factor of r and 9?
9
Let t(c) = -c + 15. Let v be t(-17). Let s be (4/6)/(4/96). Calculate the greatest common factor of s and v.
16
Suppose -99 - 21 = -5*k. Calculate the highest common divisor of 4 and k.
4
Let s = 13 - 4. Suppose w - s = -0*w. What is the greatest common divisor of 72 and w?
9
Let t be (-9)/(-6)*(0 - -8). Let c = 149 + -137. Calculate the greatest common divisor of t and c.
12
Let b(s) = -2*s + 6. Let m be b(10). Let w = m - -29. Calculate the greatest common divisor of 75 and w.
15
Let d(c) = -c**3 - 7*c**2 - 8*c - 9. Let g be d(-6). Let n(h) = 4*h - 1. Let l be n(1). Calculate the highest common divisor of l and g.
3
Suppose -4*y + 92 = -52. What is the greatest common divisor of 90 and y?
18
Let b = -588 - -847. What is the greatest common divisor of b and 37?
37
Suppose -x + 0*a = -4*a - 25, -4*a + 20 = 4*x. Suppose 6 + 12 = 3*d. What is the greatest common divisor of x and d?
3
Let r(y) = y**3 - 4*y**2 - 4*y - 2. Let c be r(5). Suppose 5*m = c*t + 144, -3*m - 2*t - 86 = -6*m. Calculate the greatest common divisor of m and 75.
15
Let m = 53 + 4. What is the highest common divisor of m and 38?
19
Suppose -5*g + 27 = -x, 0*x + 4*x - g + 70 = 0. Let s = -4 - x. What is the greatest common factor of 39 and s?
13
Let u be (-1)/(4/6 + -1). Suppose 50 = 2*w + u*w. Suppose 21 = 3*y - 5*v, 22 = 5*y - v + 9. Calculate the highest common factor of y and w.
2
Let w be 27/4*3*8. Let t be (-165)/(-10) + 3/2. Calculate the greatest common factor of w and t.
18
Suppose 3*r - 8 = r. Suppose -2*y + 34 = k, 2*y = 3*k + y - 137. Calculate the highest common factor of r and k.
4
Let y be 2/(-3) + 10/6. Suppose y = -d + 13. Let t = 6 + 30. What is the highest common factor of t and d?
12
Suppose 3*p = -p. Suppose -3*z = -2*v + 584, 4*v + p*z - 1132 = -3*z. What is the greatest common divisor of v and 26?
26
Suppose 5*l + 82 = 277. Calculate the greatest common factor of 117 and l.
39
Let q(p) = -p**2 + 3*p. Let o be q(3). Suppose m + o = -1. Let t be m/(-1)*(1 + 5). Calculate the greatest common divisor of 3 and t.
3
Let t = 14 - 13. Let u be 3 - 6 - (-51)/t. What is the greatest common factor of 32 and u?
16
Let l be (-584)/(-16) + (-3)/2. What is the greatest common divisor of 7 and l?
7
Suppose 4*n + 25 = 1. Let t be -1 - n - -3 - -1. What is the highest common divisor of 9 and t?
9
Suppose -16*q + 11*q + 30 = 0. What is the highest common divisor of 48 and q?
6
Suppose 5*n = -0*n + 25. Calculate the greatest common divisor of 45 and n.
5
Let o be (-6)/(-2) + 10 + 10. Calculate the highest common factor of o and 161.
23
Let q(j) = j**2 + 2*j - 8. Let d be q(6). Let p = d + -29. What is the highest common divisor of p and 99?
11
Let q = -26 + 30. What is the greatest common divisor of 44 and q?
4
Let a(u) = -2 - 3*u + 3 - 4 + u**2. Suppose -2*j + 6*j = 20. Let s be a(j). What is the highest common divisor of s and 63?
7
Let r = 13 + -28. Let f = r + 20. Suppose -2*z + 0*z - 83 = -3*g, -4*g = 2*z - 92. What is the greatest common factor of g and f?
5
Let z 